{"id":8,"date":"2026-03-20T13:33:59","date_gmt":"2026-03-20T13:33:59","guid":{"rendered":"https:\/\/keen-euclid.92-205-237-139.plesk.page\/?page_id=8"},"modified":"2026-03-23T12:24:11","modified_gmt":"2026-03-23T12:24:11","slug":"home","status":"publish","type":"page","link":"https:\/\/keen-euclid.92-205-237-139.plesk.page\/","title":{"rendered":"Home"},"content":{"rendered":"<div id=\"pl-8\"  class=\"panel-layout\" ><div id=\"pg-8-0\"  class=\"panel-grid panel-has-style\" ><div id=\"hero\" class=\"panel-row-style panel-row-style-for-8-0\" ><div id=\"pgc-8-0-0\"  class=\"panel-grid-cell\" ><div id=\"panel-8-0-0-0\" class=\"so-panel widget widget_sow-image panel-first-child\" data-index=\"0\" ><div class=\"hero-img panel-widget-style panel-widget-style-for-8-0-0-0\" ><div\n\t\t\t\n\t\t\tclass=\"so-widget-sow-image so-widget-sow-image-default-8b5b6f678277-8\"\n\t\t\t\n\t\t>\n\n<div class=\"sow-image-container \">\n\t\t<img loading=\"lazy\" decoding=\"async\" src=\"https:\/\/keen-euclid.92-205-237-139.plesk.page\/wp-content\/uploads\/2026\/03\/ggbanner.jpg\" width=\"2200\" height=\"1467\" srcset=\"https:\/\/keen-euclid.92-205-237-139.plesk.page\/wp-content\/uploads\/2026\/03\/ggbanner.jpg 2200w, https:\/\/keen-euclid.92-205-237-139.plesk.page\/wp-content\/uploads\/2026\/03\/ggbanner-300x200.jpg 300w, https:\/\/keen-euclid.92-205-237-139.plesk.page\/wp-content\/uploads\/2026\/03\/ggbanner-1024x683.jpg 1024w, https:\/\/keen-euclid.92-205-237-139.plesk.page\/wp-content\/uploads\/2026\/03\/ggbanner-768x512.jpg 768w, https:\/\/keen-euclid.92-205-237-139.plesk.page\/wp-content\/uploads\/2026\/03\/ggbanner-1536x1024.jpg 1536w, https:\/\/keen-euclid.92-205-237-139.plesk.page\/wp-content\/uploads\/2026\/03\/ggbanner-2048x1366.jpg 2048w, https:\/\/keen-euclid.92-205-237-139.plesk.page\/wp-content\/uploads\/2026\/03\/ggbanner-272x182.jpg 272w\" sizes=\"auto, (max-width: 2200px) 100vw, 2200px\" alt=\"\" \t\tclass=\"so-widget-image\"\/>\n\t<\/div>\n\n<\/div><\/div><\/div><div id=\"panel-8-0-0-1\" class=\"so-panel widget widget_sow-editor panel-last-child\" data-index=\"1\" ><div id=\"herotext\" class=\"panel-widget-style panel-widget-style-for-8-0-0-1\" ><div\n\t\t\t\n\t\t\tclass=\"so-widget-sow-editor so-widget-sow-editor-base\"\n\t\t\t\n\t\t><div class=\"siteorigin-widget-tinymce textwidget \">\n\t<h1 data-start=\"245\" data-end=\"360\">Gartenbau<br \/>\nder \u00fcberzeugt<\/h1>\n<p data-start=\"245\" data-end=\"360\">Wir bei G\u00e4rtner G\u00e4hler begleiten Ihr Projekt von Anfang bis Ende \u2013 pers\u00f6nlich, zuverl\u00e4ssig und professionell.<\/p>\n<p data-start=\"245\" data-end=\"360\"><a class=\"more-btn\" href=\"\/kontakt\">Jetzt anfragen<\/a><\/p>\n<\/div>\n<\/div><\/div><\/div><\/div><\/div><\/div><div id=\"pg-8-1\"  class=\"panel-grid panel-has-style\" ><div class=\"content-section content-section-s s-pb panel-row-style panel-row-style-for-8-1\" ><div id=\"pgc-8-1-0\"  class=\"panel-grid-cell\" ><div id=\"panel-8-1-0-0\" class=\"so-panel widget widget_sow-editor panel-first-child panel-last-child\" data-index=\"2\" ><div\n\t\t\t\n\t\t\tclass=\"so-widget-sow-editor so-widget-sow-editor-base\"\n\t\t\t\n\t\t><div class=\"siteorigin-widget-tinymce textwidget \">\n\t<h2>Willkommen bei<br \/>\nG\u00e4rtner G\u00e4hler<\/h2>\n<p>Entdecken Sie mit G\u00e4rtner G\u00e4hler GmbH Gartenkunst, die begeistert! Wir verwandeln Ihre gr\u00fcnen Visionen in Bassersdorf in lebendige Paradiese. Qualit\u00e4t und Nachhaltigkeit stehen bei uns im Zentrum \u2013 f\u00fcr Ihren Traumgarten, der mit uns w\u00e4chst.<\/p>\n<\/div>\n<\/div><\/div><\/div><\/div><\/div><div id=\"pg-8-2\"  class=\"panel-grid panel-has-style\" ><div class=\"content-section-sticky-left after-entry-section panel-row-style panel-row-style-for-8-2\" ><div id=\"pgc-8-2-0\"  class=\"panel-grid-cell\" ><div id=\"panel-8-2-0-0\" class=\"so-panel widget widget_sow-image panel-first-child panel-last-child\" data-index=\"3\" ><div class=\"big-ar-img panel-widget-style panel-widget-style-for-8-2-0-0\" ><div\n\t\t\t\n\t\t\tclass=\"so-widget-sow-image so-widget-sow-image-default-8b5b6f678277-8\"\n\t\t\t\n\t\t>\n\n<div class=\"sow-image-container \">\n\t\t<img loading=\"lazy\" decoding=\"async\" src=\"https:\/\/keen-euclid.92-205-237-139.plesk.page\/wp-content\/uploads\/2026\/03\/garden_one.jpg\" width=\"2000\" height=\"1333\" srcset=\"https:\/\/keen-euclid.92-205-237-139.plesk.page\/wp-content\/uploads\/2026\/03\/garden_one.jpg 2000w, https:\/\/keen-euclid.92-205-237-139.plesk.page\/wp-content\/uploads\/2026\/03\/garden_one-300x200.jpg 300w, https:\/\/keen-euclid.92-205-237-139.plesk.page\/wp-content\/uploads\/2026\/03\/garden_one-1024x682.jpg 1024w, https:\/\/keen-euclid.92-205-237-139.plesk.page\/wp-content\/uploads\/2026\/03\/garden_one-768x512.jpg 768w, https:\/\/keen-euclid.92-205-237-139.plesk.page\/wp-content\/uploads\/2026\/03\/garden_one-1536x1024.jpg 1536w, https:\/\/keen-euclid.92-205-237-139.plesk.page\/wp-content\/uploads\/2026\/03\/garden_one-272x182.jpg 272w\" sizes=\"auto, (max-width: 2000px) 100vw, 2000px\" alt=\"\" \t\tclass=\"so-widget-image\"\/>\n\t<\/div>\n\n<\/div><\/div><\/div><\/div><div id=\"pgc-8-2-1\"  class=\"panel-grid-cell\" ><div id=\"panel-8-2-1-0\" class=\"so-panel widget widget_sow-image panel-first-child\" data-index=\"4\" ><div\n\t\t\t\n\t\t\tclass=\"so-widget-sow-image so-widget-sow-image-default-8b5b6f678277-8\"\n\t\t\t\n\t\t>\n\n<div class=\"sow-image-container \">\n\t\t<img loading=\"lazy\" decoding=\"async\" src=\"https:\/\/keen-euclid.92-205-237-139.plesk.page\/wp-content\/uploads\/2026\/03\/download.jpeg\" width=\"1920\" height=\"1200\" srcset=\"https:\/\/keen-euclid.92-205-237-139.plesk.page\/wp-content\/uploads\/2026\/03\/download.jpeg 1920w, https:\/\/keen-euclid.92-205-237-139.plesk.page\/wp-content\/uploads\/2026\/03\/download-300x188.jpeg 300w, https:\/\/keen-euclid.92-205-237-139.plesk.page\/wp-content\/uploads\/2026\/03\/download-1024x640.jpeg 1024w, https:\/\/keen-euclid.92-205-237-139.plesk.page\/wp-content\/uploads\/2026\/03\/download-768x480.jpeg 768w, https:\/\/keen-euclid.92-205-237-139.plesk.page\/wp-content\/uploads\/2026\/03\/download-1536x960.jpeg 1536w\" sizes=\"auto, (max-width: 1920px) 100vw, 1920px\" alt=\"\" \t\tclass=\"so-widget-image\"\/>\n\t<\/div>\n\n<\/div><\/div><div id=\"panel-8-2-1-1\" class=\"so-panel widget widget_sow-image panel-last-child\" data-index=\"5\" ><div class=\"sm-ar-img panel-widget-style panel-widget-style-for-8-2-1-1\" ><div\n\t\t\t\n\t\t\tclass=\"so-widget-sow-image so-widget-sow-image-default-8b5b6f678277-8\"\n\t\t\t\n\t\t>\n\n<div class=\"sow-image-container \">\n\t\t<img loading=\"lazy\" decoding=\"async\" src=\"https:\/\/keen-euclid.92-205-237-139.plesk.page\/wp-content\/uploads\/2026\/03\/2.jpg\" width=\"2000\" height=\"1334\" srcset=\"https:\/\/keen-euclid.92-205-237-139.plesk.page\/wp-content\/uploads\/2026\/03\/2.jpg 2000w, https:\/\/keen-euclid.92-205-237-139.plesk.page\/wp-content\/uploads\/2026\/03\/2-300x200.jpg 300w, https:\/\/keen-euclid.92-205-237-139.plesk.page\/wp-content\/uploads\/2026\/03\/2-1024x683.jpg 1024w, https:\/\/keen-euclid.92-205-237-139.plesk.page\/wp-content\/uploads\/2026\/03\/2-768x512.jpg 768w, https:\/\/keen-euclid.92-205-237-139.plesk.page\/wp-content\/uploads\/2026\/03\/2-1536x1025.jpg 1536w, https:\/\/keen-euclid.92-205-237-139.plesk.page\/wp-content\/uploads\/2026\/03\/2-272x182.jpg 272w\" sizes=\"auto, (max-width: 2000px) 100vw, 2000px\" alt=\"\" \t\tclass=\"so-widget-image\"\/>\n\t<\/div>\n\n<\/div><\/div><\/div><\/div><\/div><\/div><div id=\"pg-8-3\"  class=\"panel-grid panel-has-style\" ><div class=\"content-section content-section-s no-pt no-pb panel-row-style panel-row-style-for-8-3\" ><div id=\"pgc-8-3-0\"  class=\"panel-grid-cell\" ><div id=\"panel-8-3-0-0\" class=\"so-panel widget widget_sow-editor panel-first-child panel-last-child\" data-index=\"6\" ><div\n\t\t\t\n\t\t\tclass=\"so-widget-sow-editor so-widget-sow-editor-base\"\n\t\t\t\n\t\t><div class=\"siteorigin-widget-tinymce textwidget \">\n\t<h2>Unser Service<\/h2>\n<p><strong>Seit 2015 gestalten und pflegen wir G\u00e4rten mit Anspruch.<br \/>\n<\/strong>Ob Gartenbau, Unterhaltsservice oder Facility Services \u2013 wir stehen f\u00fcr zuverl\u00e4ssige Arbeit, saubere Umsetzung und pers\u00f6nliche Betreuung von Anfang bis Ende.<\/p>\n<\/div>\n<\/div><\/div><\/div><\/div><\/div><div id=\"pg-8-4\"  class=\"panel-grid panel-has-style\" ><div class=\"content-section no-pb panel-row-style panel-row-style-for-8-4\" id=\"services-home\" ><div id=\"pgc-8-4-0\"  class=\"panel-grid-cell\" ><div id=\"panel-8-4-0-0\" class=\"so-panel widget widget_siteorigin-panels-builder panel-first-child panel-last-child\" data-index=\"7\" ><div class=\"services panel-widget-style panel-widget-style-for-8-4-0-0\" ><div id=\"pl-w69c05722c4a80\"  class=\"panel-layout\" ><div id=\"pg-w69c05722c4a80-0\"  class=\"panel-grid panel-no-style\" ><div id=\"pgc-w69c05722c4a80-0-0\"  class=\"panel-grid-cell\" ><div id=\"panel-w69c05722c4a80-0-0-0\" class=\"so-panel widget widget_sow-image panel-first-child\" data-index=\"0\" ><div\n\t\t\t\n\t\t\tclass=\"so-widget-sow-image so-widget-sow-image-default-8b5b6f678277\"\n\t\t\t\n\t\t>\n\n<div class=\"sow-image-container \">\n\t\t<img loading=\"lazy\" decoding=\"async\" src=\"https:\/\/keen-euclid.92-205-237-139.plesk.page\/wp-content\/uploads\/2026\/03\/ico1.png\" width=\"316\" height=\"317\" srcset=\"https:\/\/keen-euclid.92-205-237-139.plesk.page\/wp-content\/uploads\/2026\/03\/ico1.png 316w, https:\/\/keen-euclid.92-205-237-139.plesk.page\/wp-content\/uploads\/2026\/03\/ico1-300x300.png 300w, https:\/\/keen-euclid.92-205-237-139.plesk.page\/wp-content\/uploads\/2026\/03\/ico1-150x150.png 150w\" sizes=\"auto, (max-width: 316px) 100vw, 316px\" alt=\"\" \t\tclass=\"so-widget-image\"\/>\n\t<\/div>\n\n<\/div><\/div><div id=\"panel-w69c05722c4a80-0-0-1\" class=\"so-panel widget widget_sow-editor panel-last-child\" data-index=\"1\" ><div\n\t\t\t\n\t\t\tclass=\"so-widget-sow-editor so-widget-sow-editor-base\"\n\t\t\t\n\t\t><div class=\"siteorigin-widget-tinymce textwidget \">\n\t<h3>Gartenbau<\/h3>\n<ul>\n<li><strong>Gartendesign<\/strong><\/li>\n<li><strong>Boden und Bepflanzung<\/strong><\/li>\n<li><strong>Wege und Pl\u00e4tze<\/strong><\/li>\n<li><strong>Wasserelemente<\/strong><\/li>\n<li><strong>Mauern und Z\u00e4une<\/strong><\/li>\n<li><strong>Terrassenbau<\/strong><\/li>\n<li><strong>Treppenbau im Garten<\/strong><\/li>\n<\/ul>\n<p><a class=\"more-btn\" href=\"\/gartenbau\">mehr erfahren<\/a><\/p>\n<\/div>\n<\/div><\/div><\/div><div id=\"pgc-w69c05722c4a80-0-1\"  class=\"panel-grid-cell\" ><div id=\"panel-w69c05722c4a80-0-1-0\" class=\"so-panel widget widget_sow-image panel-first-child\" data-index=\"2\" ><div\n\t\t\t\n\t\t\tclass=\"so-widget-sow-image so-widget-sow-image-default-8b5b6f678277\"\n\t\t\t\n\t\t>\n\n<div class=\"sow-image-container \">\n\t\t<img loading=\"lazy\" decoding=\"async\" src=\"https:\/\/keen-euclid.92-205-237-139.plesk.page\/wp-content\/uploads\/2026\/03\/icon3.png\" width=\"316\" height=\"317\" srcset=\"https:\/\/keen-euclid.92-205-237-139.plesk.page\/wp-content\/uploads\/2026\/03\/icon3.png 316w, https:\/\/keen-euclid.92-205-237-139.plesk.page\/wp-content\/uploads\/2026\/03\/icon3-300x300.png 300w, https:\/\/keen-euclid.92-205-237-139.plesk.page\/wp-content\/uploads\/2026\/03\/icon3-150x150.png 150w\" sizes=\"auto, (max-width: 316px) 100vw, 316px\" alt=\"\" \t\tclass=\"so-widget-image\"\/>\n\t<\/div>\n\n<\/div><\/div><div id=\"panel-w69c05722c4a80-0-1-1\" class=\"so-panel widget widget_sow-editor panel-last-child\" data-index=\"3\" ><div\n\t\t\t\n\t\t\tclass=\"so-widget-sow-editor so-widget-sow-editor-base\"\n\t\t\t\n\t\t><div class=\"siteorigin-widget-tinymce textwidget \">\n\t<h3>Unterhaltsservice<\/h3>\n<ul class=\"wp-block-list\">\n<li><strong>Plattenreinigung<\/strong><\/li>\n<li><strong>Mauerwerkspflege<\/strong><\/li>\n<li><strong>Rasen- und Pflanzenpflege<\/strong><\/li>\n<li><strong>Baumschnitt und Heckengestaltung<\/strong><\/li>\n<li><strong>Unkrautkontrolle und saisonale Bepflanzung<\/strong><\/li>\n<li><strong>Laubbeseitigung<\/strong><\/li>\n<li><strong>Bew\u00e4sserungssysteme<\/strong><\/li>\n<\/ul>\n<p><a class=\"more-btn\" href=\"\/unterhaltsservice\">mehr erfahren<\/a><\/p>\n<\/div>\n<\/div><\/div><\/div><div id=\"pgc-w69c05722c4a80-0-2\"  class=\"panel-grid-cell\" ><div id=\"panel-w69c05722c4a80-0-2-0\" class=\"so-panel widget widget_sow-image panel-first-child\" data-index=\"4\" ><div\n\t\t\t\n\t\t\tclass=\"so-widget-sow-image so-widget-sow-image-default-8b5b6f678277\"\n\t\t\t\n\t\t>\n\n<div class=\"sow-image-container \">\n\t\t<img loading=\"lazy\" decoding=\"async\" src=\"https:\/\/keen-euclid.92-205-237-139.plesk.page\/wp-content\/uploads\/2026\/03\/icon2.png\" width=\"316\" height=\"317\" srcset=\"https:\/\/keen-euclid.92-205-237-139.plesk.page\/wp-content\/uploads\/2026\/03\/icon2.png 316w, https:\/\/keen-euclid.92-205-237-139.plesk.page\/wp-content\/uploads\/2026\/03\/icon2-300x300.png 300w, https:\/\/keen-euclid.92-205-237-139.plesk.page\/wp-content\/uploads\/2026\/03\/icon2-150x150.png 150w\" sizes=\"auto, (max-width: 316px) 100vw, 316px\" alt=\"\" \t\tclass=\"so-widget-image\"\/>\n\t<\/div>\n\n<\/div><\/div><div id=\"panel-w69c05722c4a80-0-2-1\" class=\"so-panel widget widget_sow-editor panel-last-child\" data-index=\"5\" ><div\n\t\t\t\n\t\t\tclass=\"so-widget-sow-editor so-widget-sow-editor-base\"\n\t\t\t\n\t\t><div class=\"siteorigin-widget-tinymce textwidget \">\n\t<h3>Facility Services<\/h3>\n<ul>\n<li><strong>Reinigung und Pflege<\/strong><\/li>\n<li><strong>Gr\u00fcnfl\u00e4chenmanagement<\/strong><\/li>\n<li><strong>Winterdienste<\/strong><\/li>\n<li><strong>Hausmeisterservice<\/strong><\/li>\n<\/ul>\n<p><a class=\"more-btn\" href=\"\/facility-services\">mehr erfahren<\/a><\/p>\n<\/div>\n<\/div><\/div><\/div><\/div><\/div><\/div><\/div><\/div><\/div><\/div><div id=\"pg-8-5\"  class=\"panel-grid panel-has-style\" ><div class=\"content-section content-section-s no-pt no-pb panel-row-style panel-row-style-for-8-5\" ><div id=\"pgc-8-5-0\"  class=\"panel-grid-cell\" ><div id=\"panel-8-5-0-0\" class=\"so-panel widget widget_sow-editor panel-first-child panel-last-child\" data-index=\"8\" ><div\n\t\t\t\n\t\t\tclass=\"so-widget-sow-editor so-widget-sow-editor-base\"\n\t\t\t\n\t\t><div class=\"siteorigin-widget-tinymce textwidget \">\n\t<h2>Referenzen<\/h2>\n<p>Wir bei G\u00e4rtner G\u00e4hler legen h\u00f6chsten Wert auf saubere Arbeit und zufriedene Kunden. Machen Sie sich gerne ein Bild unserer Arbeit und st\u00f6bern Sie ein wenig in unseren umgesetzen Projekten.<\/p>\n<\/div>\n<\/div><\/div><\/div><\/div><\/div><div id=\"pg-8-6\"  class=\"panel-grid panel-has-style\" ><div class=\"ref-row panel-row-style panel-row-style-for-8-6\" ><div id=\"pgc-8-6-0\"  class=\"panel-grid-cell\" ><div id=\"panel-8-6-0-0\" class=\"so-panel widget widget_sow-editor panel-first-child\" data-index=\"9\" ><div\n\t\t\t\n\t\t\tclass=\"so-widget-sow-editor so-widget-sow-editor-base\"\n\t\t\t\n\t\t><div class=\"siteorigin-widget-tinymce textwidget \">\n\t<h3><a href=\"\/referenzen\/gartenplatten\">Gartenplatten <span class=\"accordeon-arrow\"><svg id=\"Ebene_1\" xmlns=\"http:\/\/www.w3.org\/2000\/svg\" version=\"1.1\" viewBox=\"0 0 132.5 132.5\">\n            <path d=\"M132.5,65.7v1l-65.8,65.8h-.5c-1.1-1.4-2.5-2.7-4-4l-7.7-7.5,46.6-46.7H0c0,0,0-16,0-16h101.1s-14.6-15.3-14.6-15.3l-31.5-31.5L66.5,0l66,65.7Z\"\/>\n            <\/svg><\/span><\/a><\/h3>\n<\/div>\n<\/div><\/div><div id=\"panel-8-6-0-1\" class=\"so-panel widget widget_sow-image panel-last-child\" data-index=\"10\" ><div\n\t\t\t\n\t\t\tclass=\"so-widget-sow-image so-widget-sow-image-default-8b5b6f678277-8\"\n\t\t\t\n\t\t>\n\n<div class=\"sow-image-container \">\n\t\t<img loading=\"lazy\" decoding=\"async\" src=\"https:\/\/keen-euclid.92-205-237-139.plesk.page\/wp-content\/uploads\/2026\/03\/PS6_6546-2048x1365-1.jpeg\" width=\"2048\" height=\"1365\" srcset=\"https:\/\/keen-euclid.92-205-237-139.plesk.page\/wp-content\/uploads\/2026\/03\/PS6_6546-2048x1365-1.jpeg 2048w, https:\/\/keen-euclid.92-205-237-139.plesk.page\/wp-content\/uploads\/2026\/03\/PS6_6546-2048x1365-1-300x200.jpeg 300w, https:\/\/keen-euclid.92-205-237-139.plesk.page\/wp-content\/uploads\/2026\/03\/PS6_6546-2048x1365-1-1024x683.jpeg 1024w, https:\/\/keen-euclid.92-205-237-139.plesk.page\/wp-content\/uploads\/2026\/03\/PS6_6546-2048x1365-1-768x512.jpeg 768w, https:\/\/keen-euclid.92-205-237-139.plesk.page\/wp-content\/uploads\/2026\/03\/PS6_6546-2048x1365-1-1536x1024.jpeg 1536w, https:\/\/keen-euclid.92-205-237-139.plesk.page\/wp-content\/uploads\/2026\/03\/PS6_6546-2048x1365-1-272x182.jpeg 272w\" sizes=\"auto, (max-width: 2048px) 100vw, 2048px\" title=\"PS6_6546-2048&#215;1365\" alt=\"\" \t\tclass=\"so-widget-image\"\/>\n\t<\/div>\n\n<\/div><\/div><\/div><div id=\"pgc-8-6-1\"  class=\"panel-grid-cell\" ><div id=\"panel-8-6-1-0\" class=\"so-panel widget widget_sow-editor panel-first-child\" data-index=\"11\" ><div\n\t\t\t\n\t\t\tclass=\"so-widget-sow-editor so-widget-sow-editor-base\"\n\t\t\t\n\t\t><div class=\"siteorigin-widget-tinymce textwidget \">\n\t<h3><a href=\"\/referenzen\/mauern\">Mauern <span class=\"accordeon-arrow\"><svg id=\"Ebene_1\" xmlns=\"http:\/\/www.w3.org\/2000\/svg\" version=\"1.1\" viewBox=\"0 0 132.5 132.5\">\n            <path d=\"M132.5,65.7v1l-65.8,65.8h-.5c-1.1-1.4-2.5-2.7-4-4l-7.7-7.5,46.6-46.7H0c0,0,0-16,0-16h101.1s-14.6-15.3-14.6-15.3l-31.5-31.5L66.5,0l66,65.7Z\"\/>\n            <\/svg><\/span><\/a><\/h3>\n<h3><\/h3>\n<\/div>\n<\/div><\/div><div id=\"panel-8-6-1-1\" class=\"so-panel widget widget_sow-image panel-last-child\" data-index=\"12\" ><div\n\t\t\t\n\t\t\tclass=\"so-widget-sow-image so-widget-sow-image-default-8b5b6f678277-8\"\n\t\t\t\n\t\t>\n\n<div class=\"sow-image-container \">\n\t\t<img loading=\"lazy\" decoding=\"async\" src=\"https:\/\/keen-euclid.92-205-237-139.plesk.page\/wp-content\/uploads\/2026\/03\/PS6_6948-2048x1365-1.jpeg\" width=\"2048\" height=\"1365\" srcset=\"https:\/\/keen-euclid.92-205-237-139.plesk.page\/wp-content\/uploads\/2026\/03\/PS6_6948-2048x1365-1.jpeg 2048w, https:\/\/keen-euclid.92-205-237-139.plesk.page\/wp-content\/uploads\/2026\/03\/PS6_6948-2048x1365-1-300x200.jpeg 300w, https:\/\/keen-euclid.92-205-237-139.plesk.page\/wp-content\/uploads\/2026\/03\/PS6_6948-2048x1365-1-1024x683.jpeg 1024w, https:\/\/keen-euclid.92-205-237-139.plesk.page\/wp-content\/uploads\/2026\/03\/PS6_6948-2048x1365-1-768x512.jpeg 768w, https:\/\/keen-euclid.92-205-237-139.plesk.page\/wp-content\/uploads\/2026\/03\/PS6_6948-2048x1365-1-1536x1024.jpeg 1536w, https:\/\/keen-euclid.92-205-237-139.plesk.page\/wp-content\/uploads\/2026\/03\/PS6_6948-2048x1365-1-272x182.jpeg 272w\" sizes=\"auto, (max-width: 2048px) 100vw, 2048px\" title=\"PS6_6948-2048&#215;1365\" alt=\"\" \t\tclass=\"so-widget-image\"\/>\n\t<\/div>\n\n<\/div><\/div><\/div><div id=\"pgc-8-6-2\"  class=\"panel-grid-cell\" ><div id=\"panel-8-6-2-0\" class=\"so-panel widget widget_sow-editor panel-first-child\" data-index=\"13\" ><div\n\t\t\t\n\t\t\tclass=\"so-widget-sow-editor so-widget-sow-editor-base\"\n\t\t\t\n\t\t><div class=\"siteorigin-widget-tinymce textwidget \">\n\t<h3><a href=\"\/referenzen\/sichtschutz\">Sichtschutz <span class=\"accordeon-arrow\"><svg id=\"Ebene_1\" xmlns=\"http:\/\/www.w3.org\/2000\/svg\" version=\"1.1\" viewBox=\"0 0 132.5 132.5\">\n            <path d=\"M132.5,65.7v1l-65.8,65.8h-.5c-1.1-1.4-2.5-2.7-4-4l-7.7-7.5,46.6-46.7H0c0,0,0-16,0-16h101.1s-14.6-15.3-14.6-15.3l-31.5-31.5L66.5,0l66,65.7Z\"\/>\n            <\/svg><\/span><\/a><\/h3>\n<\/div>\n<\/div><\/div><div id=\"panel-8-6-2-1\" class=\"so-panel widget widget_sow-image panel-last-child\" data-index=\"14\" ><div\n\t\t\t\n\t\t\tclass=\"so-widget-sow-image so-widget-sow-image-default-8b5b6f678277-8\"\n\t\t\t\n\t\t>\n\n<div class=\"sow-image-container \">\n\t\t<img loading=\"lazy\" decoding=\"async\" src=\"https:\/\/keen-euclid.92-205-237-139.plesk.page\/wp-content\/uploads\/2026\/03\/PS6_6547-2048x1365-1.jpeg\" width=\"2048\" height=\"1365\" srcset=\"https:\/\/keen-euclid.92-205-237-139.plesk.page\/wp-content\/uploads\/2026\/03\/PS6_6547-2048x1365-1.jpeg 2048w, https:\/\/keen-euclid.92-205-237-139.plesk.page\/wp-content\/uploads\/2026\/03\/PS6_6547-2048x1365-1-300x200.jpeg 300w, https:\/\/keen-euclid.92-205-237-139.plesk.page\/wp-content\/uploads\/2026\/03\/PS6_6547-2048x1365-1-1024x683.jpeg 1024w, https:\/\/keen-euclid.92-205-237-139.plesk.page\/wp-content\/uploads\/2026\/03\/PS6_6547-2048x1365-1-768x512.jpeg 768w, https:\/\/keen-euclid.92-205-237-139.plesk.page\/wp-content\/uploads\/2026\/03\/PS6_6547-2048x1365-1-1536x1024.jpeg 1536w, https:\/\/keen-euclid.92-205-237-139.plesk.page\/wp-content\/uploads\/2026\/03\/PS6_6547-2048x1365-1-272x182.jpeg 272w\" sizes=\"auto, (max-width: 2048px) 100vw, 2048px\" title=\"PS6_6547-2048&#215;1365\" alt=\"\" \t\tclass=\"so-widget-image\"\/>\n\t<\/div>\n\n<\/div><\/div><\/div><div id=\"pgc-8-6-3\"  class=\"panel-grid-cell\" ><div id=\"panel-8-6-3-0\" class=\"so-panel widget widget_sow-editor panel-first-child\" data-index=\"15\" ><div\n\t\t\t\n\t\t\tclass=\"so-widget-sow-editor so-widget-sow-editor-base\"\n\t\t\t\n\t\t><div class=\"siteorigin-widget-tinymce textwidget \">\n\t<h3><a href=\"\/referenzen\/zaeune\">Z\u00e4une <span class=\"accordeon-arrow\"><svg id=\"Ebene_1\" xmlns=\"http:\/\/www.w3.org\/2000\/svg\" version=\"1.1\" viewBox=\"0 0 132.5 132.5\">\n            <path d=\"M132.5,65.7v1l-65.8,65.8h-.5c-1.1-1.4-2.5-2.7-4-4l-7.7-7.5,46.6-46.7H0c0,0,0-16,0-16h101.1s-14.6-15.3-14.6-15.3l-31.5-31.5L66.5,0l66,65.7Z\"\/>\n            <\/svg><\/span><\/a><\/h3>\n<\/div>\n<\/div><\/div><div id=\"panel-8-6-3-1\" class=\"so-panel widget widget_sow-image panel-last-child\" data-index=\"16\" ><div\n\t\t\t\n\t\t\tclass=\"so-widget-sow-image so-widget-sow-image-default-8b5b6f678277-8\"\n\t\t\t\n\t\t>\n\n<div class=\"sow-image-container \">\n\t\t<img loading=\"lazy\" decoding=\"async\" src=\"https:\/\/keen-euclid.92-205-237-139.plesk.page\/wp-content\/uploads\/2026\/03\/PS6_6616-2048x1365-1.jpeg\" width=\"2048\" height=\"1365\" srcset=\"https:\/\/keen-euclid.92-205-237-139.plesk.page\/wp-content\/uploads\/2026\/03\/PS6_6616-2048x1365-1.jpeg 2048w, https:\/\/keen-euclid.92-205-237-139.plesk.page\/wp-content\/uploads\/2026\/03\/PS6_6616-2048x1365-1-300x200.jpeg 300w, https:\/\/keen-euclid.92-205-237-139.plesk.page\/wp-content\/uploads\/2026\/03\/PS6_6616-2048x1365-1-1024x683.jpeg 1024w, https:\/\/keen-euclid.92-205-237-139.plesk.page\/wp-content\/uploads\/2026\/03\/PS6_6616-2048x1365-1-768x512.jpeg 768w, https:\/\/keen-euclid.92-205-237-139.plesk.page\/wp-content\/uploads\/2026\/03\/PS6_6616-2048x1365-1-1536x1024.jpeg 1536w, https:\/\/keen-euclid.92-205-237-139.plesk.page\/wp-content\/uploads\/2026\/03\/PS6_6616-2048x1365-1-272x182.jpeg 272w\" sizes=\"auto, (max-width: 2048px) 100vw, 2048px\" title=\"PS6_6616-2048&#215;1365\" alt=\"\" \t\tclass=\"so-widget-image\"\/>\n\t<\/div>\n\n<\/div><\/div><\/div><\/div><\/div><\/div>","protected":false},"excerpt":{"rendered":"<p>Gartenbau der \u00fcberzeugt Wir bei G\u00e4rtner G\u00e4hler begleiten Ihr Projekt von Anfang bis Ende \u2013 pers\u00f6nlich, zuverl\u00e4ssig und&#8230;<\/p>\n","protected":false},"author":1,"featured_media":0,"parent":0,"menu_order":0,"comment_status":"closed","ping_status":"closed","template":"","meta":{"ngg_post_thumbnail":0,"footnotes":""},"class_list":["post-8","page","type-page","status-publish","hentry"],"_links":{"self":[{"href":"https:\/\/keen-euclid.92-205-237-139.plesk.page\/index.php\/wp-json\/wp\/v2\/pages\/8","targetHints":{"allow":["GET"]}}],"collection":[{"href":"https:\/\/keen-euclid.92-205-237-139.plesk.page\/index.php\/wp-json\/wp\/v2\/pages"}],"about":[{"href":"https:\/\/keen-euclid.92-205-237-139.plesk.page\/index.php\/wp-json\/wp\/v2\/types\/page"}],"author":[{"embeddable":true,"href":"https:\/\/keen-euclid.92-205-237-139.plesk.page\/index.php\/wp-json\/wp\/v2\/users\/1"}],"replies":[{"embeddable":true,"href":"https:\/\/keen-euclid.92-205-237-139.plesk.page\/index.php\/wp-json\/wp\/v2\/comments?post=8"}],"version-history":[{"count":49,"href":"https:\/\/keen-euclid.92-205-237-139.plesk.page\/index.php\/wp-json\/wp\/v2\/pages\/8\/revisions"}],"predecessor-version":[{"id":334,"href":"https:\/\/keen-euclid.92-205-237-139.plesk.page\/index.php\/wp-json\/wp\/v2\/pages\/8\/revisions\/334"}],"wp:attachment":[{"href":"https:\/\/keen-euclid.92-205-237-139.plesk.page\/index.php\/wp-json\/wp\/v2\/media?parent=8"}],"curies":[{"name":"wp","href":"https:\/\/api.w.org\/{rel}","templated":true}]}}